17. Suppose o = x - 5*x + 36. What are the prime factors of x?
3
Let y be -3 + 6 + 2/(-2). Suppose y*b - 2*g - g - 16 = 0, -3*g - 11 = -b. Let u = b + 8. What are the prime factors of u?
13
List the prime factors of (-9)/(135/(-636))*15/6.
2, 53
Suppose -4 = -o, 212 = 4*c - 3*o - o. List the prime factors of c.
3, 19
Let n = 31 + 2. List the prime factors of n.
3, 11
Suppose 0 = 3*o + 2*j + 1 - 7, -5*j = 4*o - 15. Suppose 0 = n - 4*n + 6. Suppose n*f + 4*s + 12 = o, -3*f = 4*s + s + 14. What are the prime factors of f?
2
What are the prime factors of 10/8*(0 + 76)?
5, 19
Let n = 39 + -19. Suppose 4*p - 2*y - n = 0, 4*y - 10 = -2*p - y. Suppose 2*k - 3*f - p = 0, -3*k + 4*k - 4*f = 0. What are the prime factors of k?
2
Let t = 17 + -6. List the prime factors of t.
11
Suppose -5*a = -k + 74, 3*k - 6 - 36 = 3*a. Let l be ((-152)/10)/(6/a). Suppose -62 = -3*w - 4*c, 4*c - 2*c = -2*w + l. List the prime factors of w.
2, 7
Let r be (-12)/(-9)*3/(-2). Let b(y) = -2*y**3 + y. What are the prime factors of b(r)?
2, 7
Let r(w) = -w**2 + 6*w - 3. What are the prime factors of r(5)?
2
Let y = -6 - -6. Let l be (-1 - -6) + 2 - 2. Suppose y*z + i = 3*z - 16, l*z - 45 = -2*i. What are the prime factors of z?
7
Let q be ((-9)/(-12))/(3/48). What are the prime factors of q*1/(-2 + 4)?
2, 3
Let u = 38 + -14. Suppose -10*y = -6*y - u. List the prime factors of y.
2, 3
Suppose -35 = -2*q - 13. List the prime factors of q.
11
Let y(w) = -w**3 - 5*w**2 - 6. Suppose 6 + 6 = -2*j. What are the prime factors of y(j)?
2, 3, 5
Let u(t) = -t**3 + 10*t**2 - 2*t + 8. Let g be u(10). What are the prime factors of (-3)/g + (-30)/(-8)?
2
Suppose 0 = -a - 2, 28 = d - 3*a + 4. Let w be -1*d/(-3)*-2. List the prime factors of ((-39)/w)/((-1)/(-4)).
13
Let r = 11 + -7. Suppose -r*z - 4*u + 56 = 0, 0 = 2*z + 5*u - 0*u - 13. Suppose -16 = 4*h, 1 - z = -2*q - 4*h. List the prime factors of q.
17
Let x be (-4)/(-2) - (3 + -7). List the prime factors of -1 + 38*3/x.
2, 3
Suppose -6*c = -2*c + 2*x - 62, c - 18 = -3*x. Let s = 18 - c. What are the prime factors of s?
3
Let m = -28 + 15. List the prime factors of (-2)/m - (-557)/13.
43
Let z(f) = 10*f - 17. What are the prime factors of z(9)?
73
Let a = -4 - 1. Let c(b) = -2*b**3 - 5*b**2 + 3*b + 8. Let m(v) = -3*v**3 - 8*v**2 + 5*v + 12. Let p(g) = a*m(g) + 7*c(g). List the prime factors of p(-5).
2
Let c(v) = v**2 + 10*v + 4. List the prime factors of c(-11).
3, 5
Let a be (2 - 3) + 2 - -1. Let g(u) = 1 - 2 + u**2 + 2*u**2. List the prime factors of g(a).
11
What are the prime factors of 552/14 - (-21)/(-49)?
3, 13
Let h(a) = -a**3 + 7*a**2 + 11*a - 3. Let j be h(8). Let p = 10 - j. Let r = -8 - p. What are the prime factors of r?
3
Suppose -5*o = 20, 4*l = -2*o - 64 - 16. What are the prime factors of (-1)/((-16)/l + -1)?
3
Suppose -4*j + c = 1, 4*c - 5 = -j - c. Suppose j*z = -4*z + 12. List the prime factors of z.
3
Let g be ((-1)/(-3))/(6/18). Let o = 2 + g. Suppose -o*n + 2*n + 10 = 0. List the prime factors of n.
2, 5
Let v = 27 + 28. Suppose 5*r - 4*t + t = 19, -r - 4*t - 10 = 0. Suppose r*f - v = -3*f. List the prime factors of f.
11
Let q(k) = k**3 + k**2 + 3*k + 1. Let x(o) = o**2 + 5*o - 2. Let b be x(-5). Let m be q(b). List the prime factors of 4*(-3)/(m/15).
2, 5
Let y be ((-6)/3)/((-4)/10). Let v = y - 2. List the prime factors of v/15 + (-158)/(-10).
2
Let v(d) = -d**3 - d**2 - d - 1. Let w(s) = 4*s**3 + 7*s**2 + 9*s + 10. Let t(z) = -5*v(z) - w(z). List the prime factors of t(4).
11
Let y(h) = 2*h - 1. Let m be y(-11). What are the prime factors of (-2 - m) + 1 + 0?
2, 11
List the prime factors of (-4 - 57/(-15)) + 633/15.
2, 3, 7
Let s be 2*(1 - 2)*-2. Suppose a + 213 - 67 = s*n, 3*a = 3*n - 114. List the prime factors of n.
2, 3
Suppose 0 = -9*q + 7*q. Let f(v) = -v**3 + v**2 + 27. What are the prime factors of f(q)?
3
Let p(q) = 0*q + 2*q - 6*q**2 + q**2 - 2*q**3 + 3*q**3 + 2. List the prime factors of p(5).
2, 3
Suppose -3*m + 345 = 3*z, z + 338 = 4*z - 4*m. List the prime factors of z.
2, 3, 19
Let i(k) be the first derivative of k**4/4 + k**2 - 3*k - 5. List the prime factors of i(2).
3
Suppose f = -2*u + 87, u - 2*f - 102 = -u. What are the prime factors of u?
2, 23
What are the prime factors of (-50)/(-1)*5*2/5?
2, 5
Let x = 7 + -5. Let m = 3 + -1. Suppose 16 = x*f + 2*y, -4*f - m*y + y + 23 = 0. What are the prime factors of f?
5
Suppose 0 = -2*s + 6 + 4. Suppose 1 = -2*n + s*i - 6, -4*i - 25 = -5*n. List the prime factors of n.
3
Let s(g) = g**2 + 8*g - 5. Let c be s(-9). What are the prime factors of c/(-14) - 64/(-28)?
2
Suppose -3*a = -3*y + 144, 3*y = 6*y + 2*a - 154. Suppose 3*j = 5 - y. Let t = j + 27. What are the prime factors of t?
2, 3
Suppose 0*d - 5*d = 0. Let l be (-2)/(d - 1 - 0). What are the prime factors of (l - -1) + -1 + 3?
5
What are the prime factors of ((-49 - 3) + -2)/(-1)?
2, 3
Suppose 7*z - 4*z - 27 = -3*v, 0 = -3*z + 4*v - 8. What are the prime factors of (7/2)/(2/z)?
7
Suppose 6*u - 420 = u. Suppose m + 0*m + 4*b - 33 = 0, 4*m + 4*b = u. List the prime factors of m.
17
List the prime factors of -36*2*5/(-10).
2, 3
Suppose -2*f - 2*n = -8, f - 4*n + 2 - 6 = 0. Suppose 0*j + 3*d - 1 = f*j, 9 = 3*d. What are the prime factors of j?
2
Let t(b) = b**3 + 2*b**2 - 4*b. Let z be t(-3). What are the prime factors of (-11)/z*(9 - 12)?
11
Suppose 0 = 2*w + 4*t - 3 - 7, 4*w - 5*t - 20 = 0. List the prime factors of 10/(-25) - (-17)/w.
3
Let i(s) = -s**2 - 16*s + 4. List the prime factors of i(-14).
2
What are the prime factors of 25 + -22 - (-1 + -4)?
2
Let b be (-1)/(-3) + (-7)/3. Suppose -25 = -3*t - g, -2*t - 2*g = -6*t + 30. What are the prime factors of b/t + (-154)/(-8)?
19
Suppose 0 = 6*g - 8*g + 110. What are the prime factors of g?
5, 11
Let j be 8/12*6*1. Suppose -4*d - 16 = -4, -m + 12 = -j*d. Let s = m + 4. List the prime factors of s.
2
Suppose -4*c + 19 = -3*f, -2*f + 15 = 3*c - 5*f. Let o be (-2)/(-7) + (-10)/(-14). Let a = o + c. What are the prime factors of a?
5
Let x = 338 - 213. What are the prime factors of x?
5
What are the prime factors of ((-16)/(-10))/((-4 - -7)/30)?
2
Let w = 5 + 2. Let h = w + 22. List the prime factors of h.
29
List the prime factors of (4/(-12))/(2/(-516)).
2, 43
Suppose 5*v - 38 = 5*p + 2, -5*v + 16 = p. Suppose -v + 40 = 2*s. List the prime factors of s.
2, 3
Suppose -2*b = n - 4, 2*b + n = 7*b - 24. Suppose 0*y - 2*i - 9 = 3*y, -b*y - 1 = -i. Let p(m) = -m**3 + m**2 - m - 1. What are the prime factors of p(y)?
2
Let z(p) = p**3 + 4*p**2 + 3*p + 1. Let q be z(-3). Let l = -2 + q. Let i(y) = -3*y**3 + 2*y**2 + 2*y + 1. What are the prime factors of i(l)?
2
Let v(f) = f**3 + 3*f**2 - 4*f. Let i be v(-4). Let r(q) = -q + 13. What are the prime factors of r(i)?
13
Suppose -3*z = -12, 2*w - z = -6*z + 276. What are the prime factors of w?
2
List the prime factors of 2/8 - 6/((-120)/2755).
2, 3, 23
Let h be 33/15 + 2/(-10). Suppose 17 = h*t - 15. Let k = -10 + t. What are the prime factors of k?
2, 3
Suppose 24 = 3*z - 6. What are the prime factors of z?
2, 5
Let w(o) = 3*o + 13. Let l be w(-11). Let g = l + 31. Let f = g - 5. List the prime factors of f.
2, 3
Suppose -23 = -2*m + 47. List the prime factors of m.
5, 7
Let k be 5 + -2 + (-1)/(-1). Let h = k + 11. What are the prime factors of h?
3, 5
Suppose -8*n = -4*n + 8. Let p be n/(-7) + 40/7. Suppose -3*d = -5*d + p. What are the prime factors of d?
3
Let z(n) = n**3 + 4*n**2 - 3*n - 5. Suppose 7 = 4*y - 5*a, -3*y + 4*a + 0*a + 6 = 0. List the prime factors of z(y).
3
Suppose -f - l + 13 = 3*l, 5*f + 31 = 4*l. Let z = 6 + f. Suppose z*i + 5*c - 12 = -0*c, 0 = 2*c. What are the prime factors of i?
2
Suppose g - 105 = -2*f, 2*f - 5*g + 3*g = 114. Suppose -10*k + f = -7*k. List the prime factors of k.
2, 3
What are the prime factors of (-2)/9 + (-886)/(-18)?
7
Suppose -5*z + 314 + 176 = 0. Suppose z = 2*h + n, 2*h = -3*h - 2*n + 245. List the prime factors of h.
7
Suppose 9*d - 9 = 6*d, -4*g + 478 = -2*d. List the prime factors of g.
11
Let b(a) = -a**2 + 8*a + 5. Let y be b(6). Suppose -y = -4*d + 59. Suppose 5*l - 11 = d. What are the prime factors of l?
2, 3
Suppose -52 = -2*m - 3*m - 3*n, 4*m = -3*n + 41. Let j(i) = 5*i - 25. List the prime factors of j(m).
2, 3, 5
Let i(l) be the third deriv